-3523
In base 12, what is 5 + -187?
-182
In base 3, what is -100012 + 21?
-22221
In base 9, what is -66 - 2?
-68
In base 3, what is 12 + -12020?
-12001
In base 4, what is -2012 + 11?
-2001
In base 14, what is 75 + -35?
40
In base 9, what is 0 + -230?
-230
In base 16, what is 25f - -3?
262
In base 15, what is 3 - 1e?
-1b
In base 13, what is -76 + -5?
-7b
In base 2, what is 10 - 111?
-101
In base 3, what is -110 - 1212?
-2022
In base 6, what is -24 + 0?
-24
In base 11, what is -1 + 353?
352
In base 3, what is -110111 + 0?
-110111
In base 11, what is 2 - 28?
-26
In base 3, what is -12101 + 12?
-12012
In base 6, what is 0 + 340?
340
In base 8, what is -5 - 6451?
-6456
In base 14, what is -1126 + 3?
-1123
In base 6, what is -5 + 242?
233
In base 2, what is 101111000 - 1010?
101101110
In base 12, what is b2 + 2?
b4
In base 12, what is 111b + -1?
111a
In base 5, what is 2123 + 332?
3010
In base 2, what is 111001 - -10000?
1001001
In base 9, what is -241 + 3?
-237
In base 9, what is -1 + 108?
107
In base 6, what is -10 - 24?
-34
In base 4, what is 10211 - -10?
10221
In base 16, what is 9 + -c5?
-bc
In base 7, what is 4 + 500?
504
In base 11, what is -210 + -1?
-211
In base 3, what is 1102022 + 210?
1110002
In base 7, what is -6 - 65?
-104
In base 9, what is -71 - -18?
-52
In base 8, what is 1374 - 0?
1374
In base 5, what is 42 + 1341?
1433
In base 15, what is -14c + 3?
-149
In base 16, what is 1 + 26d?
26e
In base 7, what is -40236 - -4?
-40232
In base 12, what is 336 - -3?
339
In base 11, what is 1 - 47?
-46
In base 6, what is -4 - 415?
-423
In base 6, what is -42522 + -2?
-42524
In base 16, what is 0 - b8c?
-b8c
In base 7, what is -5 + -61?
-66
In base 10, what is 3 + -210?
-207
In base 10, what is -25 - 42?
-67
In base 10, what is -3 + 161?
158
In base 3, what is -120 + -112?
-1002
In base 7, what is 50 + -2?
45
In base 13, what is -1374 + -1?
-1375
In base 6, what is 230311 + -4?
230303
In base 2, what is 101 - 1001101011?
-1001100110
In base 5, what is 2 - -3?
10
In base 14, what is -32 + -4?
-36
In base 10, what is 26 + -13?
13
In base 4, what is -3 - -2213?
2210
In base 6, what is 120 + 0?
120
In base 7, what is -2 - -12?
10
In base 16, what is -7 - -ee?
e7
In base 12, what is 24 + -35?
-11
In base 6, what is 1423 - -45?
1512
In base 12, what is 11 - 8?
5
In base 12, what is 14 + 3?
17
In base 8, what is 0 - 33?
-33
In base 7, what is -133 - -205?
42
In base 2, what is 10111111001 + 111?
11000000000
In base 10, what is 434 + 35?
469
In base 4, what is 10 + 122?
132
In base 12, what is -9 + -b4?
-101
In base 2, what is -101101 + -100000?
-1001101
In base 3, what is 12 + 10020?
10102
In base 7, what is 2 + 3003?
3005
In base 10, what is -20 - -1?
-19
In base 8, what is -1 + 16?
15
In base 16, what is 135 - 0?
135
In base 9, what is -2 + 1034?
1032
In base 8, what is -1 - 21?
-22
In base 2, what is 1101 - -1011110010?
1011111111
In base 2, what is 10 - 110111101?
-110111011
In base 11, what is -2 - -10?
9
In base 6, what is -24 - -25?
1
In base 11, what is -4 - 476?
-47a
In base 14, what is c - -49?
57
In base 13, what is 2a3 - 2?
2a1
In base 10, what is 999 - -3?
1002
In base 10, what is -1 - -126?
125
In base 14, what is -1 + -17?
-18
In base 13, what is -9a - 0?
-9a
In base 16, what is 1 + -c6?
-c5
In base 11, what is -5 - 440?
-445
In base 9, what is -112 + -65?
-177
In base 8, what is -13245 + -5?
-13252
In base 15, what is -32 - c1?
-103
In base 8, what is -34 - 5?
-41
In base 11, what is 33 - 1?
32
In base 11, what is 4 - -251?
255
In base 13, what is 2982 + -3?
297c
In base 11, what is 4 - -39?
42
In base 2, what is -11101101 + 11?
-11101010
In base 13, what is 4 - -43b?
442
In base 5, what is -1224 + 1?
-1223
In base 16, what is -1a + 13d?
123
In base 16, what is -2 - b82?
-b84
In base 7, what is 422 + 4?
426
In base 13, what is -b + -1cb?
-209
In base 7, what is -13520 + -5?
-13525
In base 9, what is 1 - -1042?
1043
In base 5, what is 2341 + -4?
2332
In base 6, what is 3 + -105401?
-105354
In base 5, what is -333 + -11?
-344
In base 2, what is -101001 - 110?
-101111
In base 3, what is -11 + 21?
10
In base 5, what is -14144 + 3?
-14141
In base 15, what is -82 - 12?
-94
In base 16, what is -53 + -7b?
-ce
In base 14, what is 1b - 25?
-8
In base 12, what is 2 + -368?
-366
In base 16, what is -1f8 + -3?
-1fb
In base 14, what is -4 - 9b?
-a1
In base 16, what is 3 + -1170?
-116d
In base 12, what is a + 19?
27
In base 3, what is 110 - -1112010?
1112120
In base 11, what is -8 - 44?
-51
In base 16, what is b - 310?
-305
In base 10, what is -42 + -75?
-117
In base 16, what is 11e + 2?
120
In base 2, what is -10 - 1010011?
-1010101
In base 14, what is -b + 3?
-8
In base 5, what is -3 - -341?
333
In base 14, what is -14b - 1?
-14c
In base 10, what is 2 + -292?
-290
In base 4, what is -13031 - -2?
-13023
In base 6, what is -4 - 113?
-121
In base 2, what is -110 - 111111001?
-111111111
In base 2, what is -100011100011 - -101?
-100011011110
In base 4, what is 210 - -130?
1000
In base 8, what is -1 + 76?
75
In base 14, what is -591b - 2?
-591d
In base 4, what is -22 + 2012?
1330
In base 12, what is 818 - 2?
816
In base 10, what is 1229 + -3?
1226
In base 10, what is 3 - 1229?
-1226
In base 14, what is 186 + 28?
1b0
In base 13, what is 37 + 0?
37
In base 6, what is 23255 + -1?
23254
In base 8, what is -75 - 15?
-112
In base 5, what is 20244 + -2?
20242
In base 8, what is 3 + 155?
160
In base 15, what is -8 - 14e?
-157
In base 13, what is 90 - 20?
70
In base 5, what is -24000 - 2?
-24002
In base 4, what is 201 - -11?
212
In base 13, what is 26 + -1?
25
In base 8, what is 22 + -6?
14
In base 12, what is 12 + 140?
152
In base 8, what is 161 - 3?
156
In base 6, what is 340 + 0?
340
In base 6, what is 0 + -2045?
-2045
In base 6, what is 114 + 5?
123
In base 6, what is -521 - -10?
-511
In base 16, what is 4 + 1?
5
In base 10, what is 1 + 30?
31
In base 10, what is 0 + 63?
63
In base 16, what is 7 - 17c?
-175
In base 9, what is -6 - 360?
-366
In base 8, what is -5 - 164?
-171
In base 16, what is -19 + -1c?
-35
In base 8, what is 5 + 55?
62
In base 7, what is -3516 + 5?
-3511
In base 7, what is -10 - 221?
-231
In base 8, what is -1 - -425?
424
In base 6, what is -35 + -25?
-104
In base 6, what is 323 - 43?
240
In base 16, what is -13a - b?
-145
In base 6, what is 125 + -53?
32
In base 2, what is 11 - 1110111100?
-1110111001
In base 7, what is -1 - -106?
105
In base 13, what is -2 - -29bc?
29ba
In base 15, what is 3 - 6?
-3
In base 6, what is 10 - 3?
3
In base 9, what is -6 + -277?
-284
In base 13, what is -4 + 87?
83
In base 11, what is a + 18?
27
In base 11, what is -1480a - -2?
-14808
In base 9, what is -57 - -8?
-48
In base 8, what is 1 - -45?
46
In base 2, what is 11 + 10000001?
10000100
In base 15, what is 1 - -510?
511
In base 14, what is 5a + 30?
8a
In base 6, what is -5 - 34310?
-34315
In base 16, what is 1c + -10e?
-f2
In base 6, what is -1350 + -1?
-1351
In base 4, what is -10 + 1311?
1301
In base 12, what is -201 - 1?
-202
In base 9, what is -751 - 10?
-761
In base 12, what is -4b - 1?
-50
In base 14, what is -5 - -508?
503
In base 3, what is -10020 + -10?
-10100
In base 13, what is -5 - -151?
149
In base 16, what is 10 + -1b?
-b
In base 11, what is 0 + -64?
-64
In base 10, what is 489 - 3?
486
In base 3, what is -101010000 + -2?
-101010002
In base 12, what is 31 - -27?
58
In base 2, what is 10 + 10001101?
10001111
In base 13, what is 39 + 2a3?
30c
In base 10, what is 1 + -3828?
-3827
In base 6, what is 54 - 0?
54
In base 16, what is 16 - 6?
10
In base 3, what is 2220021 + 2?
2220100
In base 7, what is -3344 + 3?
-3341
In base 15, what is -1 + -be?
-c0
In base 11, what is -5 + -5?
-a
In base 15, what is -2 + -112?
-114
In base 15, what is 6 + 27?
2d
In base 2, what is -1100001 + 0?
-1100001
In base 5, what is 34212 + 3?
34220
In base 7, what is 51 - -1?
52
In base 14, what is 0 - -102?
102
In base 14, what is 654 + 3?
657
In base 12, what is 1a2 - 49?
155
In base 7, what is 2 - -22?
24
In base 4, what is -1033 - -130?
-303
In base 7, what is -1 + -20?
-21
In base 16, what is 4 - -f55?
f59
In base 12, what is 25 + -6?
1b
In base 5, what is 11244 - 1?
11243
In base 9, what is 58 - -10?
68
In base 3, what is 11 + -12011?
-12000
In base 14, what is -1